is divided by h.
12
Let q be (15/12)/((-7)/4 + 2). Suppose -2*a + 285 = a. Suppose q*t - v - 4*v = a, 4*v = t - 25. What is the remainder when 31 is divided by t?
14
Suppose -3 = -3*t, 4*s + 2*t + t - 275 = 0. Let q = s - 43. What is the remainder when 73 is divided by q?
23
Suppose s - 261 = -5*h, 0 = 12*h - 9*h + 5*s - 139. Calculate the remainder when 794 is divided by h.
52
Suppose 2*p + 0*p = 52. Suppose 0 = 3*l - 6 - 0. Suppose d = l*d - p. What is the remainder when d is divided by 14?
12
Let g(m) = 145*m - 206. Calculate the remainder when g(3) is divided by 11.
9
Suppose -5*x - 9 - 1 = 0. Let d be ((-5)/x)/(7/238). Suppose w + 4*w = d. Calculate the remainder when 49 is divided by w.
15
Let w(y) = -102*y - 2. Let k be w(-1). Suppose 2*m + 5*g - 35 = 0, 0 = 5*m - 2*m - 2*g - k. Calculate the remainder when m is divided by 11.
8
Let r be -1 - ((-23)/1 + 2). Let l be 34*(-2 + r/8). Let y = l + -14. What is the remainder when y is divided by 2?
1
Suppose 13*j = 14*j - 55. What is the remainder when 65 is divided by j?
10
Let b = 631 - 552. What is the remainder when b is divided by 16?
15
Suppose 4*j + 39 = 231. Calculate the remainder when 187 is divided by j.
43
Let a = -442 - -535. Calculate the remainder when a is divided by 8.
5
Suppose y + 4*w + 1 = 9, 4*w + 64 = 5*y. Suppose -2*k = -5 + 1. Suppose -3 = -j + k. Calculate the remainder when y is divided by j.
2
Suppose -2*z - 3*y + 97 = -233, 0 = -2*z - y + 322. Let w = -129 + z. What is the remainder when w is divided by 17?
13
Let y = -155 + 166. Calculate the remainder when 316 is divided by y.
8
Let s = -3 - -2. Calculate the remainder when (22/4)/(s/(-6)) is divided by 9.
6
Let p be 9*3/((-45)/40). Calculate the remainder when 23 is divided by p/(-10)*(-20)/(-8).
5
Suppose 4*r - 44 = -4*t, 25 + 30 = 5*t - 4*r. Calculate the remainder when 41 is divided by t.
8
Let b = -224 - -243. What is the remainder when b is divided by (-22)/(-3)*3/2?
8
Let k(j) = -5 - j**2 + 2*j**2 + j + 2 + 2*j. Let g = -13 - -42. What is the remainder when g is divided by k(3)?
14
Suppose -125*o = -106*o - 285. What is the remainder when 130 is divided by o?
10
Let x = -116 - -366. Suppose -2*z = 3*r - 194 - 56, -4*r - x = -2*z. Calculate the remainder when z is divided by 32.
29
Let g be (-3)/4 - 63/(-4). Let o be g*1*(-5)/15. What is the remainder when 8 + o - (1 + -39) is divided by 21?
20
Let d = -51 + 56. Let w(o) = 2*o**2 + 7*o - 10. Calculate the remainder when w(d) is divided by 16.
11
Suppose y - o = o + 67, 193 = 3*y + 2*o. Let a = 7 + 40. Suppose 52*l = a*l + 85. What is the remainder when y is divided by l?
14
Let y = 625 + -236. Calculate the remainder when y is divided by 13.
12
Suppose 15 = g + 4*g. Suppose i - g*u - 26 = 0, -3*i + 6*i - u = 54. What is the remainder when 48 is divided by i?
14
Suppose -2*g = g - 27. Suppose 0 = 15*b - 3*b + 2928. Calculate the remainder when (6466/b)/((-1)/(-2) - 1) is divided by g.
8
Let a(b) = b**3 - 6*b**2 + 5*b - 3. Let i be a(5). Let f(o) = 104*o**2 - 14*o - 4. Let l be f(-4). Calculate the remainder when (-1)/i + l/36 is divided by 17.
14
Suppose 2*i = 4*k + 5*i - 403, -109 = -k + 2*i. Calculate the remainder when k is divided by 15.
13
Suppose -5*w + 2*n + 118 = 0, 7*n - 29 = -w + 2*n. Let s = 8 + -5. Suppose -j - 37 = -5*g + s*j, j = -3. Calculate the remainder when w is divided by g.
4
Suppose 21*c = 8*c + 1014. Calculate the remainder when c is divided by 26.
0
Let w = 13 + -11. Suppose 109 = q + h, -3*h = -5*q + w*q + 315. Calculate the remainder when q is divided by 27.
26
Suppose -328 = -5*z + 527. Suppose -z = n - 4*n. Let s = 14064 + -14044. What is the remainder when n is divided by s?
17
What is the remainder when 2/(-6) - (-2525)/15 - -6 is divided by 15?
9
Suppose 2*c = -14 + 2. Suppose -2*r + t + 156 - 38 = 0, -3*r - 4*t = -155. Calculate the remainder when r is divided by (c/(-10))/(7/175).
12
Suppose 3*k = -55 - 74. Let x be (10/10)/((-8 - -3)/(-20)). What is the remainder when (-2)/x*(k + 1) is divided by 11?
10
Let i = 1 + 1. Suppose 44 = 3*v - i*l, 3*l - 64 = -3*v + l. Calculate the remainder when 65 is divided by v.
11
Suppose 0 = 5*p - x + 4*x - 196, 5*p - 3*x - 184 = 0. Calculate the remainder when 263 is divided by p.
35
Let s(h) = -h**3 - h**2 + 4*h + 3. Let d = 94 - 150. Let y = d - -70. Calculate the remainder when y is divided by s(-3).
5
Suppose 5*t - 4*p = -3*p + 38, -5*p + 10 = 0. Calculate the remainder when 206 is divided by (-52)/t*-4*2.
50
Let y(r) = -r**3 + 7*r**2 + 6*r - 8. Suppose 4*d = -322 + 854. Calculate the remainder when d is divided by y(7).
31
Let t(y) = 6*y - 4. Let u(s) = -7*s + 5. Let r(m) = 6*t(m) + 5*u(m). Suppose -3 = 8*j - 5*j, 3*d = j + 76. Calculate the remainder when d is divided by r(8).
7
Let c(u) = 6*u + 21. Let o(d) = d + 1. Let l(m) = c(m) - 5*o(m). Suppose 51 = -5*j - 4. What is the remainder when 17 is divided by l(j)?
2
Suppose -3*k - 2*k = -4*w + 663, 5*k = -w + 197. Suppose 2*c + 2*c - w = 0. What is the remainder when c is divided by 13 + 3*4/6?
13
Let o(t) = 12*t**2 + 92*t - 11. What is the remainder when o(-9) is divided by 15?
13
Let u be (-150)/(-10) - (-1)/2*0. What is the remainder when 3110/25 + 9/u is divided by 32?
29
Let f be -4 + 1 + (-6)/3. Let q = 4 - -21. What is the remainder when q is divided by (-3)/(-3) + (-40)/f?
7
Let i(y) = 10*y + 5 - 2 + 4 + 15. What is the remainder when i(8) is divided by 26?
24
Let w = 19 - 28. Let r = w - -14. What is the remainder when 18 is divided by r?
3
Suppose -5*q - 24 = -94. Suppose 6 = -4*k + 50. What is the remainder when 4/7 + 272/q is divided by k?
9
Suppose 2*d - 21 = -1. Calculate the remainder when 15 is divided by d.
5
Suppose 2*u - 5*u + 5*a + 2139 = 0, 2*a = 3*u - 2130. What is the remainder when u is divided by 89?
85
Let t(b) = -21*b**3 - 5*b**2 - 11*b - 24. What is the remainder when t(-3) is divided by 38?
37
Suppose 38 = n - 2*r, -4*r - 138 = -3*n - 20. What is the remainder when 1047 is divided by n?
39
Suppose -k - 3*x = 4*k - 92, x - 20 = -k. Let l(z) = 14*z**2 + 21*z + 41. Calculate the remainder when l(-2) is divided by k.
7
Let y(u) = 5*u + 297. Calculate the remainder when 733 is divided by y(-30).
145
Suppose -4*h + u + 1490 = 165, -3*h + 992 = u. What is the remainder when h is divided by 23?
9
Suppose 0 = 25*d - 104 - 171. Let t = -115 + 169. Calculate the remainder when t is divided by d.
10
What is the remainder when 430 is divided by (7 - (13 - 2)) + 76?
70
Suppose 38*c = 43*c - 55. What is the remainder when (2 + (-10)/3)/((-8)/720) is divided by c?
10
Suppose 10*o - 812 = 3*o. Calculate the remainder when o is divided by 61.
55
Suppose -5*v + 27 = 3*u, -4*v + 24 = 5*u - 2*u. Suppose -2*r - 20 = u. Calculate the remainder when 15 is divided by (-1 - (-20)/r)*-3.
7
Let b = 489 + -472. Suppose -5 - 1 = -x. What is the remainder when b is divided by x?
5
Let j = 21 + -12. Let f be (-1 - 2)*j/(-3). What is the remainder when (50/(-6))/((-3)/f) is divided by 9?
7
Suppose -5*f + 63 = 2*t - t, 0 = 3*f + t - 39. Suppose 3*z + 2*s = 367, 5*z + 3*s - 610 = -0*s. Calculate the remainder when z is divided by f.
11
Suppose 5*s - 214 = -r, 3*s - 3*r = -s + 175. Let t(k) = 5*k + 16. Let i be t(7). Suppose 6*d - 39 = i. Calculate the remainder when s is divided by d.
13
Let u = -86 + 263. What is the remainder when u is divided by 9?
6
Let x = 335 - 216. Calculate the remainder when x is divided by 21.
14
Let w = 1862 + -1337. Calculate the remainder when w is divided by 4.
1
Suppose -2*r - 24 = -14*r. Calculate the remainder when 3 is divided by r.
1
Let j be (-2)/(0 + -4)*-24. Let b = j - -25. What is the remainder when b is divided by 3?
1
Let o be 28/14 - (-4)/1. Suppose 5*f - 60 = -5*p, -f - 15 = -o*f. What is the remainder when p is divided by 2/((-10)/(-6) - 1)?
0
Let g be ((-1)/2)/(6/(-36)). Suppose -3*c = -2*f - 218, 0 = g*c - 4*f + 76 - 296. Calculate the remainder when c + -6*2/4 is divided by 24.
21
Let t be -3*(-4 + 4/2). Let a = 93 - 93. Suppose -2*n - n + t = a. What is the remainder when 7 is divided by n?
1
Let s = 390 + -167. Calculate the remainder when s is divided by 32.
31
Suppose 2*o = 2*g - 7 - 53, 5*g - 154 = 4*o. Suppose 0 = 6*a - 4*a - g. What is the remainder when 60 is divided by a?
9
Supp